t is the units digit of t?
8
Let i = 521 + -329. What is the tens digit of i?
9
Suppose 152 = -5*t - 63. Let v = -29 - t. What is the units digit of v?
4
Suppose -b - 2 = 2*p - 14, 4*p = -b + 22. Let y = p - -10. What is the tens digit of y?
1
Suppose -2*o - 15 = -5*o + 2*k, 2*o = 3*k + 5. Let u = 11 - o. Let t = 11 - u. What is the units digit of t?
7
Let q(s) = s - 6. Let d be q(11). Let h(o) = -o**3 + 5*o**2 + 8*o - 4. Let f be h(d). Suppose -2*c + f = c. What is the tens digit of c?
1
Suppose -1 = 2*r + 1. What is the tens digit of (0 + 3)/r + 14?
1
What is the tens digit of (-1 + 42/4)*6?
5
Let v be (-8)/(-3) - 2/3. Let r = 1 - -3. Suppose o - 17 = v*n, 0 = -4*o - 0*n + r*n + 48. What is the units digit of o?
7
Suppose b - 2*a + 854 = 5*b, 5*b - 1063 = -a. What is the hundreds digit of b?
2
Let i = -45 - -99. What is the tens digit of i?
5
Suppose b = -3*y + 20, 4*b + 25 = 4*y + 5*b. Suppose -3*f + 4*f - y*w = 37, f - 22 = 2*w. What is the units digit of f?
2
Let z(v) = -v**2 - 8*v - 3. Let n be z(-7). Let x = -7 + n. What is the units digit of (1/x)/((-3)/45)?
5
Let m(u) = u**2 - 6*u + 5. Let i be ((-28)/(-6) - 2)*6. Let f = i + -10. What is the units digit of m(f)?
5
Suppose q - 12 = 2*x + x, -5*x - 20 = -5*q. Let k = -16 - -23. Let c = k + x. What is the units digit of c?
3
Let w(p) = 10 - p + 9 + 2*p. Let u be w(-9). Suppose -3*i = -4*v - 2, 5*v - 3*v + u = 3*i. What is the units digit of i?
6
Let v = 34 - 29. What is the units digit of v?
5
Suppose -p + 5*p - 19 = -t, -3 = -3*p + 3*t. Suppose 2*v + p*b = 50, 5*v - 2*b = 104 - 15. What is the tens digit of v?
1
Let j = -8 - -6. Let k be (-435)/(-21) + j/(-7). Let a = -14 + k. What is the units digit of a?
7
Let z be (-2)/4*1*-12. Let w = -4 + z. What is the units digit of w?
2
Let v(s) = s**2 - 13*s + 6. Let q be v(7). Let m = q + 72. What is the tens digit of m?
3
Suppose -2*h + 0 - 2 = 0. What is the tens digit of h + 15/2*2?
1
Let x = 48 - 7. What is the tens digit of x?
4
Suppose 2*h = 2 + 4. Let k be 2/h - 84/(-9). Let z = k - 6. What is the units digit of z?
4
Let w be (-2)/((-8)/(-2))*-6. Suppose -6*q + 8*q - 2 = 0. Let o = w + q. What is the units digit of o?
4
Suppose -4*f + 2*d = 6*d - 140, 0 = -3*f - 5*d + 111. What is the tens digit of f?
3
Let n(u) = u**3 + 7*u**2 + 5*u - 3. Let m be n(-6). Suppose -4*r + 39 = -3*o, 4*r - m*o - 34 = -o. Suppose r = -y + 3*y. What is the units digit of y?
3
What is the tens digit of 70 + (4 + 0 - 5)?
6
Suppose 0 = -y + 4*y + 9. Let b be 21/((-4)/(-2) - -1). Let a = y + b. What is the units digit of a?
4
What is the tens digit of 3/9 - 76/(-6)?
1
Suppose 0*q = q. Suppose q = 2*b + m - 11, 2*b = -3*b + m + 17. Suppose -2*h = -2*d - 6, -2*h + d - 4 = b*d. What is the units digit of h?
1
Let n = 180 + 68. What is the units digit of n?
8
Suppose -l + 535 = 4*l - 5*q, 0 = 5*l - 2*q - 541. What is the tens digit of l?
0
Let o(m) = m**3 - 8*m**2 + 9*m - 4. Let x = 3 + 3. Let y be o(x). Let f = 31 + y. What is the units digit of f?
9
Let m = 16 - -10. Suppose 8 - m = -2*d. What is the units digit of d?
9
Let o = -7 - 0. Let w(z) = -z - 4. What is the units digit of w(o)?
3
Let f = 339 - 99. What is the tens digit of f?
4
Let j = 12 - 13. What is the tens digit of (5/10)/(j/(-84))?
4
Suppose -3 = -u + q, q = 2*u + 2*q - 3. Suppose l = u*l - 5. What is the tens digit of l*2 - (6 - 7)?
1
Suppose -4 + 0 = -r. Suppose -r + 1 = 3*l. What is the units digit of (l - -3)*(-1 + 2)?
2
What is the units digit of 2/((-6)/(-27)*1)?
9
Let z be 56/3 - 4/6. Suppose l + z = -2*l. Let d = l - -14. What is the units digit of d?
8
Suppose 12*y + 0*y = 3768. What is the hundreds digit of y?
3
What is the units digit of ((-22)/(-5))/(2 - (-29)/(-15))?
6
Let c(f) = f + 4. Let l be c(-6). Suppose 2*y + 16 = -2. What is the units digit of (-78)/y + l/3?
8
Suppose -f - 17 = -8. Let p = 3 - f. What is the tens digit of p?
1
Let w(h) = -4*h - 12. What is the units digit of w(-5)?
8
Let w = 3 + -2. Suppose 17 - w = -2*o. Let p = 11 + o. What is the units digit of p?
3
Let q(t) = -t**3 + t**2 + t - 1. Let o be q(1). Let i = -6 + 8. Let s = o + i. What is the units digit of s?
2
Let a = 8 - -4. Suppose 3*t - 6 - a = 0. What is the units digit of t?
6
Suppose 0 = -j - 4*m + 3, -4*m + 0*m - 6 = 2*j. Let a = 7 - j. What is the tens digit of a?
1
Let c(s) = s**2 - 7*s - 10. What is the tens digit of c(11)?
3
Suppose -31 = -5*l + 9. What is the units digit of l?
8
Suppose -3*v + 1 = -2*v, 0 = -4*f - 3*v + 23. What is the units digit of f?
5
Let q be (-9)/(-6)*1*2. Let r = 7 - q. Suppose 3*f = -f + r. What is the units digit of f?
1
Suppose -4*p = -5*n + 15, -n - 5*p + 1 = -2. Suppose -2*b = -10, 0 = -5*c - 2*b - 0*b + 15. What is the units digit of (n/((-3)/c))/(-1)?
1
What is the tens digit of 4/12 - 70/(-6)?
1
Let h = -25 + 53. What is the tens digit of h?
2
Let r(n) = n**2 + 26*n - 29. What is the units digit of r(-31)?
6
Suppose -7*n + 2*n = 0. Suppose n*t + 2*t - 12 = 0. What is the units digit of t?
6
Let w(y) = -2*y + 2*y**2 + y + 0*y. Let o be w(-1). Suppose -4*z + o = -1. What is the units digit of z?
1
Let s(w) = -5*w**3 + 3*w**2 - 2*w + 2. Let b(g) = -6*g**3 + 4*g**2 - 3*g + 3. Let v(x) = 3*b(x) - 4*s(x). Let a be v(1). What is the units digit of 1/a*1*18?
9
Let d(p) = -4*p - 5. Suppose 2*n = -3*y - 15, 2*y + 2*n - 5 = 3*y. What is the tens digit of d(y)?
1
Let p = 92 + -55. What is the units digit of p?
7
Suppose 2*h - 2*p - 125 = -h, -p = -2*h + 83. Suppose -4*c - 5*l - 13 = 0, h = 5*c - 3*l + 11. Let b = 4 + c. What is the units digit of b?
7
Let u(y) = 2*y + 1. Let f be u(-1). Let w = -24 + 14. What is the tens digit of -6*w/(-4)*f?
1
Let h = -3 - -1. What is the units digit of h + 10 + -1 + 2?
9
Let t(y) = -y**3 + 4*y**2 + 8*y - 5. Let j = 12 + -7. What is the tens digit of t(j)?
1
Suppose 61 = f - 4*a, 4*f = -0*f - 4*a + 324. What is the tens digit of f?
7
Let u(b) = 3*b**2 + 2*b - 8. What is the units digit of u(4)?
8
Let u(k) = -2*k**3 - 10*k**2 - k + 4. Let j(v) = -v**3 - 9*v**2 - v + 5. Let l(q) = -3*j(q) + 2*u(q). What is the units digit of l(5)?
8
Suppose -2*z + 25 = 3*z. Suppose 4*q - f - 11 = 0, -4*q - z*f = 2 - 43. Suppose -5*b - 3*l + 35 = 0, 0 - 1 = -q*b + 3*l. What is the units digit of b?
4
Let h be 15*(-8)/(-6) - 1. Suppose -59 = 5*j - h. What is the units digit of (j/6)/(2/(-3))?
2
Let p(w) = -w**2 - 3*w - 1. Let x be p(-2). Suppose -x + 3 = -2*f. What is the tens digit of (-14 - -2)*(f - 0)?
1
Let d = -31 + 86. What is the units digit of d?
5
Let l = -34 + 48. What is the units digit of 32/l - 2/7?
2
Suppose -m + 21 + 22 = 0. Suppose m = 2*w - 29. Suppose f + 3*d = -6, -4*f + 3*d + 0*d + w = 0. What is the units digit of f?
6
Suppose -4*c = -j + 107, -2*c + 95 = -0*j + j. Let i = j - 56. What is the tens digit of i?
4
Let r(o) = -o**2 - 8*o - 7. Suppose 6*y - y = 25. Let x be (y - 2)/((-2)/4). What is the units digit of r(x)?
5
Let c = 18 - 36. Let p be c/(-5) + 15/(-25). Suppose w - 5 = -p. What is the units digit of w?
2
Let m(a) = -a**2 + 6*a - 1. Let c be m(5). What is the tens digit of (0 + c)/((-6)/(-15))?
1
Let d(x) = 54*x**2 + x - 2. What is the hundreds digit of d(-2)?
2
Suppose 3*r - 4*z + 30 = z, -19 = 5*r + 2*z. Let o = 5 - r. What is the units digit of o?
0
Suppose 0*f - 26 = -2*f. What is the units digit of f?
3
Let v = 9 + -4. Suppose m + 4 = -v*q, -2*m + 5*m = 2*q + 22. Suppose 0 = m*i - i - 10. What is the units digit of i?
2
Let c be (-4)/(((-18)/15)/3). Suppose 2*d - 4*n = 12, 4*d = 2*d + 2*n + c. What is the units digit of (0 + d)/2*4?
8
Let p = -17 + 28. Let m = p + 20. Suppose 60 = 5*a + s - 6*s, 3*a - m = -2*s. What is the units digit of a?
1
Let v(m) = m**3 - 7*m**2 + 9*m - 2. Let l be v(6). Let r = l - -8. What is the units digit of r?
4
Let k = 58 - 6. Let v = k + -25. Let a = -11 + v. What is the tens digit of a?
1
Let i be 351/15 + 6/(-15). Let d = 0 + i. What is the tens digit of d?
2
Suppose 9 = -4*n + 25. Suppose -n*c = 46 - 210. What is the tens digit of c?
4
Let r = 91 + -84. Suppose -6 = 4*z - 14. Suppose -n - r = -z*n. What is the units digit of n?
7
Let w = -35 - -61. What is the units digit of w?
6
Let h(k) be the third derivative of k**4/24 + 2*k**3/3 + k**2. What is the units digit of h(-2)?
2
Let p = 7 + -4.